{"id":17230,"date":"2026-08-27T14:39:50","date_gmt":"2026-08-27T17:39:50","guid":{"rendered":"https:\/\/domumpropiedades.com\/site\/?post_type=product&#038;p=17230"},"modified":"2026-08-27T15:06:25","modified_gmt":"2026-08-27T18:06:25","slug":"alquiler-la-floresta-fondo","status":"publish","type":"product","link":"https:\/\/domumpropiedades.com\/site\/producto\/alquiler-la-floresta-fondo\/","title":{"rendered":"Caba\u00f1a en Alquiler Anual o Periodos Largos en La Floresta Sur || 1 Dormitorio Padr\u00f3n Compartido"},"content":{"rendered":"<p>Precio de Alquiler: $12.500<\/p>\n<p>Garant\u00edas: Deposito Bancario 3 meses<\/p>\n<p>Mas informaci\u00f3n: +59898431087<br \/>\nwww.domumpropiedades.com || domumpropiedades.uy@gmail.com<\/p>\n<p><iframe title=\"Caba\u00f1a en Alquiler Anual o Periodos Largos en La Floresta Sur || 1 Dormitorio Padr\u00f3n Compartido\" width=\"563\" height=\"1000\" src=\"https:\/\/www.youtube.com\/embed\/FGPL2XYp4l8?feature=oembed\" frameborder=\"0\" allow=\"accelerometer; autoplay; clipboard-write; encrypted-media; gyroscope; picture-in-picture; web-share\" referrerpolicy=\"strict-origin-when-cross-origin\" allowfullscreen><\/iframe><\/p>\n","protected":false},"excerpt":{"rendered":"<p>Domum Propiedades alquila anualmente o periodos largos, caba\u00f1a de madera al fondo de casa principal. La casa cuenta con 1 dormitorio, ba\u00f1o, living comedor con cocina integrada con A\/C, deck techado.<\/p>\n","protected":false},"featured_media":17240,"template":"","meta":[],"product_brand":[],"product_cat":[129,137,39],"product_tag":[],"class_list":["post-17230","product","type-product","status-publish","has-post-thumbnail","product_cat-alquiler","product_cat-costa-de-oro-alquiler","product_cat-propiedades","first","instock","featured","shipping-taxable","purchasable","product-type-simple"],"yoast_head":"<!-- This site is optimized with the Yoast SEO plugin v28.4 - https:\/\/yoast.com\/product\/yoast-seo-wordpress\/ -->\n<title>Caba\u00f1a en Alquiler Anual o Periodos Largos en La Floresta Sur || 1 Dormitorio Padr\u00f3n Compartido - DOMUM PROPIEDADES<\/title>\n<meta name=\"description\" content=\"Domum Propiedades alquila anualmente o periodos largos, caba\u00f1a de madera al fondo de casa principal. La casa cuenta con 1 dormitorio, ba\u00f1o, living...\" \/>\n<meta name=\"robots\" content=\"index, follow, max-snippet:-1, max-image-preview:large, max-video-preview:-1\" \/>\n<link rel=\"canonical\" href=\"https:\/\/domumpropiedades.com\/site\/producto\/alquiler-la-floresta-fondo\/\" \/>\n<meta property=\"og:locale\" content=\"es_ES\" \/>\n<meta property=\"og:type\" content=\"article\" \/>\n<meta property=\"og:title\" content=\"Caba\u00f1a en Alquiler Anual o Periodos Largos en La Floresta Sur || 1 Dormitorio Padr\u00f3n Compartido - DOMUM PROPIEDADES\" \/>\n<meta property=\"og:description\" content=\"Domum Propiedades alquila anualmente o periodos largos, caba\u00f1a de madera al fondo de casa principal. La casa cuenta con 1 dormitorio, ba\u00f1o, living...\" \/>\n<meta property=\"og:url\" content=\"https:\/\/domumpropiedades.com\/site\/producto\/alquiler-la-floresta-fondo\/\" \/>\n<meta property=\"og:site_name\" content=\"DOMUM PROPIEDADES\" \/>\n<meta property=\"article:modified_time\" content=\"2026-08-27T18:06:25+00:00\" \/>\n<meta property=\"og:image\" content=\"https:\/\/domumpropiedades.com\/site\/wp-content\/uploads\/2026\/08\/WhatsApp-Image-2023-10-11-at-16.22.37-1.jpeg\" \/>\n\t<meta property=\"og:image:width\" content=\"1600\" \/>\n\t<meta property=\"og:image:height\" content=\"1201\" \/>\n\t<meta property=\"og:image:type\" content=\"image\/jpeg\" \/>\n<meta name=\"twitter:card\" content=\"summary_large_image\" \/>\n<meta name=\"twitter:label1\" content=\"Tiempo de lectura\" \/>\n\t<meta name=\"twitter:data1\" content=\"1 minuto\" \/>\n<script type=\"application\/ld+json\" class=\"yoast-schema-graph\">{\"@context\":\"https:\\\/\\\/schema.org\",\"@graph\":[{\"@type\":\"WebPage\",\"@id\":\"https:\\\/\\\/domumpropiedades.com\\\/site\\\/producto\\\/alquiler-la-floresta-fondo\\\/\",\"url\":\"https:\\\/\\\/domumpropiedades.com\\\/site\\\/producto\\\/alquiler-la-floresta-fondo\\\/\",\"name\":\"Caba\u00f1a en Alquiler Anual o Periodos Largos en La Floresta Sur || 1 Dormitorio Padr\u00f3n Compartido - DOMUM PROPIEDADES\",\"isPartOf\":{\"@id\":\"https:\\\/\\\/domumpropiedades.com\\\/site\\\/#website\"},\"primaryImageOfPage\":{\"@id\":\"https:\\\/\\\/domumpropiedades.com\\\/site\\\/producto\\\/alquiler-la-floresta-fondo\\\/#primaryimage\"},\"image\":{\"@id\":\"https:\\\/\\\/domumpropiedades.com\\\/site\\\/producto\\\/alquiler-la-floresta-fondo\\\/#primaryimage\"},\"thumbnailUrl\":\"https:\\\/\\\/domumpropiedades.com\\\/site\\\/wp-content\\\/uploads\\\/2026\\\/08\\\/WhatsApp-Image-2023-10-11-at-16.22.37-1.jpeg\",\"datePublished\":\"2026-08-27T17:39:50+00:00\",\"dateModified\":\"2026-08-27T18:06:25+00:00\",\"description\":\"Domum Propiedades alquila anualmente o periodos largos, caba\u00f1a de madera al fondo de casa principal. La casa cuenta con 1 dormitorio, ba\u00f1o, living...\",\"breadcrumb\":{\"@id\":\"https:\\\/\\\/domumpropiedades.com\\\/site\\\/producto\\\/alquiler-la-floresta-fondo\\\/#breadcrumb\"},\"inLanguage\":\"es-AR\",\"potentialAction\":[{\"@type\":\"ReadAction\",\"target\":[\"https:\\\/\\\/domumpropiedades.com\\\/site\\\/producto\\\/alquiler-la-floresta-fondo\\\/\"]}]},{\"@type\":\"ImageObject\",\"inLanguage\":\"es-AR\",\"@id\":\"https:\\\/\\\/domumpropiedades.com\\\/site\\\/producto\\\/alquiler-la-floresta-fondo\\\/#primaryimage\",\"url\":\"https:\\\/\\\/domumpropiedades.com\\\/site\\\/wp-content\\\/uploads\\\/2026\\\/08\\\/WhatsApp-Image-2023-10-11-at-16.22.37-1.jpeg\",\"contentUrl\":\"https:\\\/\\\/domumpropiedades.com\\\/site\\\/wp-content\\\/uploads\\\/2026\\\/08\\\/WhatsApp-Image-2023-10-11-at-16.22.37-1.jpeg\",\"width\":1600,\"height\":1201},{\"@type\":\"BreadcrumbList\",\"@id\":\"https:\\\/\\\/domumpropiedades.com\\\/site\\\/producto\\\/alquiler-la-floresta-fondo\\\/#breadcrumb\",\"itemListElement\":[{\"@type\":\"ListItem\",\"position\":1,\"name\":\"Productos\",\"item\":\"https:\\\/\\\/domumpropiedades.com\\\/site\\\/shop\\\/\"},{\"@type\":\"ListItem\",\"position\":2,\"name\":\"Caba\u00f1a en Alquiler Anual o Periodos Largos en La Floresta Sur || 1 Dormitorio Padr\u00f3n Compartido\"}]},{\"@type\":\"WebSite\",\"@id\":\"https:\\\/\\\/domumpropiedades.com\\\/site\\\/#website\",\"url\":\"https:\\\/\\\/domumpropiedades.com\\\/site\\\/\",\"name\":\"DOMUM PROPIEDADES\",\"description\":\"Asesoramiento Inmobiliario\",\"publisher\":{\"@id\":\"https:\\\/\\\/domumpropiedades.com\\\/site\\\/#organization\"},\"potentialAction\":[{\"@type\":\"SearchAction\",\"target\":{\"@type\":\"EntryPoint\",\"urlTemplate\":\"https:\\\/\\\/domumpropiedades.com\\\/site\\\/?s={search_term_string}\"},\"query-input\":{\"@type\":\"PropertyValueSpecification\",\"valueRequired\":true,\"valueName\":\"search_term_string\"}}],\"inLanguage\":\"es-AR\"},{\"@type\":\"Organization\",\"@id\":\"https:\\\/\\\/domumpropiedades.com\\\/site\\\/#organization\",\"name\":\"DOMUM PROPIEDADES\",\"url\":\"https:\\\/\\\/domumpropiedades.com\\\/site\\\/\",\"logo\":{\"@type\":\"ImageObject\",\"inLanguage\":\"es-AR\",\"@id\":\"https:\\\/\\\/domumpropiedades.com\\\/site\\\/#\\\/schema\\\/logo\\\/image\\\/\",\"url\":\"https:\\\/\\\/domumpropiedades.com\\\/site\\\/wp-content\\\/uploads\\\/2020\\\/07\\\/cropped-logo-final-e1596076802973.jpg\",\"contentUrl\":\"https:\\\/\\\/domumpropiedades.com\\\/site\\\/wp-content\\\/uploads\\\/2020\\\/07\\\/cropped-logo-final-e1596076802973.jpg\",\"width\":379,\"height\":233,\"caption\":\"DOMUM PROPIEDADES\"},\"image\":{\"@id\":\"https:\\\/\\\/domumpropiedades.com\\\/site\\\/#\\\/schema\\\/logo\\\/image\\\/\"}}]}<\/script>\n<!-- \/ Yoast SEO plugin. -->","yoast_head_json":{"title":"Caba\u00f1a en Alquiler Anual o Periodos Largos en La Floresta Sur || 1 Dormitorio Padr\u00f3n Compartido - DOMUM PROPIEDADES","description":"Domum Propiedades alquila anualmente o periodos largos, caba\u00f1a de madera al fondo de casa principal. La casa cuenta con 1 dormitorio, ba\u00f1o, living...","robots":{"index":"index","follow":"follow","max-snippet":"max-snippet:-1","max-image-preview":"max-image-preview:large","max-video-preview":"max-video-preview:-1"},"canonical":"https:\/\/domumpropiedades.com\/site\/producto\/alquiler-la-floresta-fondo\/","og_locale":"es_ES","og_type":"article","og_title":"Caba\u00f1a en Alquiler Anual o Periodos Largos en La Floresta Sur || 1 Dormitorio Padr\u00f3n Compartido - DOMUM PROPIEDADES","og_description":"Domum Propiedades alquila anualmente o periodos largos, caba\u00f1a de madera al fondo de casa principal. La casa cuenta con 1 dormitorio, ba\u00f1o, living...","og_url":"https:\/\/domumpropiedades.com\/site\/producto\/alquiler-la-floresta-fondo\/","og_site_name":"DOMUM PROPIEDADES","article_modified_time":"2026-08-27T18:06:25+00:00","og_image":[{"width":1600,"height":1201,"url":"https:\/\/domumpropiedades.com\/site\/wp-content\/uploads\/2026\/08\/WhatsApp-Image-2023-10-11-at-16.22.37-1.jpeg","type":"image\/jpeg"}],"twitter_card":"summary_large_image","twitter_misc":{"Tiempo de lectura":"1 minuto"},"schema":{"@context":"https:\/\/schema.org","@graph":[{"@type":"WebPage","@id":"https:\/\/domumpropiedades.com\/site\/producto\/alquiler-la-floresta-fondo\/","url":"https:\/\/domumpropiedades.com\/site\/producto\/alquiler-la-floresta-fondo\/","name":"Caba\u00f1a en Alquiler Anual o Periodos Largos en La Floresta Sur || 1 Dormitorio Padr\u00f3n Compartido - DOMUM PROPIEDADES","isPartOf":{"@id":"https:\/\/domumpropiedades.com\/site\/#website"},"primaryImageOfPage":{"@id":"https:\/\/domumpropiedades.com\/site\/producto\/alquiler-la-floresta-fondo\/#primaryimage"},"image":{"@id":"https:\/\/domumpropiedades.com\/site\/producto\/alquiler-la-floresta-fondo\/#primaryimage"},"thumbnailUrl":"https:\/\/domumpropiedades.com\/site\/wp-content\/uploads\/2026\/08\/WhatsApp-Image-2023-10-11-at-16.22.37-1.jpeg","datePublished":"2026-08-27T17:39:50+00:00","dateModified":"2026-08-27T18:06:25+00:00","description":"Domum Propiedades alquila anualmente o periodos largos, caba\u00f1a de madera al fondo de casa principal. La casa cuenta con 1 dormitorio, ba\u00f1o, living...","breadcrumb":{"@id":"https:\/\/domumpropiedades.com\/site\/producto\/alquiler-la-floresta-fondo\/#breadcrumb"},"inLanguage":"es-AR","potentialAction":[{"@type":"ReadAction","target":["https:\/\/domumpropiedades.com\/site\/producto\/alquiler-la-floresta-fondo\/"]}]},{"@type":"ImageObject","inLanguage":"es-AR","@id":"https:\/\/domumpropiedades.com\/site\/producto\/alquiler-la-floresta-fondo\/#primaryimage","url":"https:\/\/domumpropiedades.com\/site\/wp-content\/uploads\/2026\/08\/WhatsApp-Image-2023-10-11-at-16.22.37-1.jpeg","contentUrl":"https:\/\/domumpropiedades.com\/site\/wp-content\/uploads\/2026\/08\/WhatsApp-Image-2023-10-11-at-16.22.37-1.jpeg","width":1600,"height":1201},{"@type":"BreadcrumbList","@id":"https:\/\/domumpropiedades.com\/site\/producto\/alquiler-la-floresta-fondo\/#breadcrumb","itemListElement":[{"@type":"ListItem","position":1,"name":"Productos","item":"https:\/\/domumpropiedades.com\/site\/shop\/"},{"@type":"ListItem","position":2,"name":"Caba\u00f1a en Alquiler Anual o Periodos Largos en La Floresta Sur || 1 Dormitorio Padr\u00f3n Compartido"}]},{"@type":"WebSite","@id":"https:\/\/domumpropiedades.com\/site\/#website","url":"https:\/\/domumpropiedades.com\/site\/","name":"DOMUM PROPIEDADES","description":"Asesoramiento Inmobiliario","publisher":{"@id":"https:\/\/domumpropiedades.com\/site\/#organization"},"potentialAction":[{"@type":"SearchAction","target":{"@type":"EntryPoint","urlTemplate":"https:\/\/domumpropiedades.com\/site\/?s={search_term_string}"},"query-input":{"@type":"PropertyValueSpecification","valueRequired":true,"valueName":"search_term_string"}}],"inLanguage":"es-AR"},{"@type":"Organization","@id":"https:\/\/domumpropiedades.com\/site\/#organization","name":"DOMUM PROPIEDADES","url":"https:\/\/domumpropiedades.com\/site\/","logo":{"@type":"ImageObject","inLanguage":"es-AR","@id":"https:\/\/domumpropiedades.com\/site\/#\/schema\/logo\/image\/","url":"https:\/\/domumpropiedades.com\/site\/wp-content\/uploads\/2020\/07\/cropped-logo-final-e1596076802973.jpg","contentUrl":"https:\/\/domumpropiedades.com\/site\/wp-content\/uploads\/2020\/07\/cropped-logo-final-e1596076802973.jpg","width":379,"height":233,"caption":"DOMUM PROPIEDADES"},"image":{"@id":"https:\/\/domumpropiedades.com\/site\/#\/schema\/logo\/image\/"}}]}},"_links":{"self":[{"href":"https:\/\/domumpropiedades.com\/site\/wp-json\/wp\/v2\/product\/17230","targetHints":{"allow":["GET"]}}],"collection":[{"href":"https:\/\/domumpropiedades.com\/site\/wp-json\/wp\/v2\/product"}],"about":[{"href":"https:\/\/domumpropiedades.com\/site\/wp-json\/wp\/v2\/types\/product"}],"version-history":[{"count":2,"href":"https:\/\/domumpropiedades.com\/site\/wp-json\/wp\/v2\/product\/17230\/revisions"}],"predecessor-version":[{"id":17244,"href":"https:\/\/domumpropiedades.com\/site\/wp-json\/wp\/v2\/product\/17230\/revisions\/17244"}],"wp:featuredmedia":[{"embeddable":true,"href":"https:\/\/domumpropiedades.com\/site\/wp-json\/wp\/v2\/media\/17240"}],"wp:attachment":[{"href":"https:\/\/domumpropiedades.com\/site\/wp-json\/wp\/v2\/media?parent=17230"}],"wp:term":[{"taxonomy":"product_brand","embeddable":true,"href":"https:\/\/domumpropiedades.com\/site\/wp-json\/wp\/v2\/product_brand?post=17230"},{"taxonomy":"product_cat","embeddable":true,"href":"https:\/\/domumpropiedades.com\/site\/wp-json\/wp\/v2\/product_cat?post=17230"},{"taxonomy":"product_tag","embeddable":true,"href":"https:\/\/domumpropiedades.com\/site\/wp-json\/wp\/v2\/product_tag?post=17230"}],"curies":[{"name":"wp","href":"https:\/\/api.w.org\/{rel}","templated":true}]}}

Cabaña en Alquiler Anual o Periodos Largos en La Floresta Sur || 1 Dormitorio Padrón Compartido

<p>Precio de Alquiler: $12.500</p>
<p>Garantías: Deposito Bancario 3 meses</p>
<p>Mas información: +59898431087<br />
www.domumpropiedades.com || domumpropiedades.uy@gmail.com</p>
<p><iframe title="Cabaña en Alquiler Anual o Periodos Largos en La Floresta Sur || 1 Dormitorio Padrón Compartido" width="563" height="1000" src="https://www.youtube.com/embed/FGPL2XYp4l8?feature=oembed" frameborder="0" allow="accelerometer; autoplay; clipboard-write; encrypted-media; gyroscope; picture-in-picture; web-share" referrerpolicy="strict-origin-when-cross-origin" allowfullscreen></iframe></p>

<p>Domum Propiedades alquila anualmente o periodos largos, cabaña de madera al fondo de casa principal. La casa cuenta con 1 dormitorio, baño, living comedor con cocina integrada con A/C, deck techado.</p>

<!-- This site is optimized with the Yoast SEO plugin v28.4 - https://yoast.com/product/yoast-seo-wordpress/ -->
<title>Cabaña en Alquiler Anual o Periodos Largos en La Floresta Sur || 1 Dormitorio Padrón Compartido - DOMUM PROPIEDADES</title>
<meta name="description" content="Domum Propiedades alquila anualmente o periodos largos, cabaña de madera al fondo de casa principal. La casa cuenta con 1 dormitorio, baño, living..." />
<meta name="robots" content="index, follow, max-snippet:-1, max-image-preview:large, max-video-preview:-1" />
<link rel="canonical" href="https://domumpropiedades.com/site/producto/alquiler-la-floresta-fondo/" />
<meta property="og:locale" content="es_ES" />
<meta property="og:type" content="article" />
<meta property="og:title" content="Cabaña en Alquiler Anual o Periodos Largos en La Floresta Sur || 1 Dormitorio Padrón Compartido - DOMUM PROPIEDADES" />
<meta property="og:description" content="Domum Propiedades alquila anualmente o periodos largos, cabaña de madera al fondo de casa principal. La casa cuenta con 1 dormitorio, baño, living..." />
<meta property="og:url" content="https://domumpropiedades.com/site/producto/alquiler-la-floresta-fondo/" />
<meta property="og:site_name" content="DOMUM PROPIEDADES" />
<meta property="article:modified_time" content="2026-08-27T18:06:25+00:00" />
<meta property="og:image" content="https://domumpropiedades.com/site/wp-content/uploads/2026/08/WhatsApp-Image-2023-10-11-at-16.22.37-1.jpeg" />
	<meta property="og:image:width" content="1600" />
	<meta property="og:image:height" content="1201" />
	<meta property="og:image:type" content="image/jpeg" />
<meta name="twitter:card" content="summary_large_image" />
<meta name="twitter:label1" content="Tiempo de lectura" />
	<meta name="twitter:data1" content="1 minuto" />
<script type="application/ld+json" class="yoast-schema-graph">{"@context":"https:\/\/schema.org","@graph":[{"@type":"WebPage","@id":"https:\/\/domumpropiedades.com\/site\/producto\/alquiler-la-floresta-fondo\/","url":"https:\/\/domumpropiedades.com\/site\/producto\/alquiler-la-floresta-fondo\/","name":"Cabaña en Alquiler Anual o Periodos Largos en La Floresta Sur || 1 Dormitorio Padrón Compartido - DOMUM PROPIEDADES","isPartOf":{"@id":"https:\/\/domumpropiedades.com\/site\/#website"},"primaryImageOfPage":{"@id":"https:\/\/domumpropiedades.com\/site\/producto\/alquiler-la-floresta-fondo\/#primaryimage"},"image":{"@id":"https:\/\/domumpropiedades.com\/site\/producto\/alquiler-la-floresta-fondo\/#primaryimage"},"thumbnailUrl":"https:\/\/domumpropiedades.com\/site\/wp-content\/uploads\/2026\/08\/WhatsApp-Image-2023-10-11-at-16.22.37-1.jpeg","datePublished":"2026-08-27T17:39:50+00:00","dateModified":"2026-08-27T18:06:25+00:00","description":"Domum Propiedades alquila anualmente o periodos largos, cabaña de madera al fondo de casa principal. La casa cuenta con 1 dormitorio, baño, living...","breadcrumb":{"@id":"https:\/\/domumpropiedades.com\/site\/producto\/alquiler-la-floresta-fondo\/#breadcrumb"},"inLanguage":"es-AR","potentialAction":[{"@type":"ReadAction","target":["https:\/\/domumpropiedades.com\/site\/producto\/alquiler-la-floresta-fondo\/"]}]},{"@type":"ImageObject","inLanguage":"es-AR","@id":"https:\/\/domumpropiedades.com\/site\/producto\/alquiler-la-floresta-fondo\/#primaryimage","url":"https:\/\/domumpropiedades.com\/site\/wp-content\/uploads\/2026\/08\/WhatsApp-Image-2023-10-11-at-16.22.37-1.jpeg","contentUrl":"https:\/\/domumpropiedades.com\/site\/wp-content\/uploads\/2026\/08\/WhatsApp-Image-2023-10-11-at-16.22.37-1.jpeg","width":1600,"height":1201},{"@type":"BreadcrumbList","@id":"https:\/\/domumpropiedades.com\/site\/producto\/alquiler-la-floresta-fondo\/#breadcrumb","itemListElement":[{"@type":"ListItem","position":1,"name":"Productos","item":"https:\/\/domumpropiedades.com\/site\/shop\/"},{"@type":"ListItem","position":2,"name":"Cabaña en Alquiler Anual o Periodos Largos en La Floresta Sur || 1 Dormitorio Padrón Compartido"}]},{"@type":"WebSite","@id":"https:\/\/domumpropiedades.com\/site\/#website","url":"https:\/\/domumpropiedades.com\/site\/","name":"DOMUM PROPIEDADES","description":"Asesoramiento Inmobiliario","publisher":{"@id":"https:\/\/domumpropiedades.com\/site\/#organization"},"potentialAction":[{"@type":"SearchAction","target":{"@type":"EntryPoint","urlTemplate":"https:\/\/domumpropiedades.com\/site\/?s={search_term_string}"},"query-input":{"@type":"PropertyValueSpecification","valueRequired":true,"valueName":"search_term_string"}}],"inLanguage":"es-AR"},{"@type":"Organization","@id":"https:\/\/domumpropiedades.com\/site\/#organization","name":"DOMUM PROPIEDADES","url":"https:\/\/domumpropiedades.com\/site\/","logo":{"@type":"ImageObject","inLanguage":"es-AR","@id":"https:\/\/domumpropiedades.com\/site\/#\/schema\/logo\/image\/","url":"https:\/\/domumpropiedades.com\/site\/wp-content\/uploads\/2020\/07\/cropped-logo-final-e1596076802973.jpg","contentUrl":"https:\/\/domumpropiedades.com\/site\/wp-content\/uploads\/2020\/07\/cropped-logo-final-e1596076802973.jpg","width":379,"height":233,"caption":"DOMUM PROPIEDADES"},"image":{"@id":"https:\/\/domumpropiedades.com\/site\/#\/schema\/logo\/image\/"}}]}</script>
<!-- / Yoast SEO plugin. -->

Cabaña en Alquiler Anual o Periodos Largos en La Floresta Sur || 1 Dormitorio Padrón Compartido - DOMUM PROPIEDADES

Domum Propiedades alquila anualmente o periodos largos, cabaña de madera al fondo de casa principal. La casa cuenta con 1 dormitorio, baño, living...
