{"id":15827,"date":"2026-04-07T10:30:54","date_gmt":"2026-04-07T13:30:54","guid":{"rendered":"https:\/\/domumpropiedades.com\/site\/?post_type=product&#038;p=15827"},"modified":"2026-04-07T22:44:57","modified_gmt":"2026-04-08T01:44:57","slug":"alqiler-anual-atlantidaserena","status":"publish","type":"product","link":"https:\/\/domumpropiedades.com\/site\/producto\/alqiler-anual-atlantidaserena\/","title":{"rendered":"Apartamento en alquiler anual en Atl\u00e1ntida Serena || 1 dorm 1 ba\u00f1o"},"content":{"rendered":"<p>Precio de Alquiler mensual: $18.000<br \/>\nGarantias: Porto, Sura, Mapfre<\/p>\n<p>Comision Inmobiliaria: $18.000 + IVA<\/p>\n<p>Mas informaci\u00f3n: +598 98431087<\/p>\n","protected":false},"excerpt":{"rendered":"<p>Domum Propiedades alquila anualmente casa en estrat\u00e9gica ubicaci\u00f3n del balneario Atl\u00e1ntida a 2 cuadras y media de la playa, a 3 cuadras de la tienda inglesa y a 4 cuadras del centro. El apartamento comparte padr\u00f3n con la casa principal pero tiene entrada independiente. Esta reciclado y con muy lindas terminaciones, seguridad, parrillero exterior, conecion lavarropas. Ideal para 1 persona o pareja. Servicio de UTE independiente. Acepta de garant\u00eda: Porto, Sura o Mapfre.<\/p>\n","protected":false},"featured_media":15844,"template":"","meta":[],"product_brand":[],"product_cat":[129,137,39],"product_tag":[],"class_list":{"0":"post-15827","1":"product","2":"type-product","3":"status-publish","4":"has-post-thumbnail","6":"product_cat-alquiler","7":"product_cat-costa-de-oro-alquiler","8":"product_cat-propiedades","10":"first","11":"instock","12":"featured","13":"shipping-taxable","14":"purchasable","15":"product-type-simple"},"yoast_head":"<!-- This site is optimized with the Yoast SEO plugin v27.4 - https:\/\/yoast.com\/product\/yoast-seo-wordpress\/ -->\n<title>Apartamento en alquiler anual en Atl\u00e1ntida Serena || 1 dorm 1 ba\u00f1o - DOMUM PROPIEDADES<\/title>\n<meta name=\"robots\" content=\"index, follow, max-snippet:-1, max-image-preview:large, max-video-preview:-1\" \/>\n<link rel=\"canonical\" href=\"https:\/\/domumpropiedades.com\/site\/producto\/alqiler-anual-atlantidaserena\/\" \/>\n<meta property=\"og:locale\" content=\"es_ES\" \/>\n<meta property=\"og:type\" content=\"article\" \/>\n<meta property=\"og:title\" content=\"Apartamento en alquiler anual en Atl\u00e1ntida Serena || 1 dorm 1 ba\u00f1o - DOMUM PROPIEDADES\" \/>\n<meta property=\"og:description\" content=\"Domum Propiedades alquila anualmente casa en estrat\u00e9gica ubicaci\u00f3n del balneario Atl\u00e1ntida a 2 cuadras y media de la playa, a 3 cuadras de la tienda inglesa y a 4 cuadras del centro. El apartamento comparte padr\u00f3n con la casa principal pero tiene entrada independiente. Esta reciclado y con muy lindas terminaciones, seguridad, parrillero exterior, conecion lavarropas. Ideal para 1 persona o pareja. Servicio de UTE independiente. Acepta de garant\u00eda: Porto, Sura o Mapfre.\" \/>\n<meta property=\"og:url\" content=\"https:\/\/domumpropiedades.com\/site\/producto\/alqiler-anual-atlantidaserena\/\" \/>\n<meta property=\"og:site_name\" content=\"DOMUM PROPIEDADES\" \/>\n<meta property=\"article:modified_time\" content=\"2026-04-08T01:44:57+00:00\" \/>\n<meta property=\"og:image\" content=\"https:\/\/domumpropiedades.com\/site\/wp-content\/uploads\/2026\/04\/002-ale-atrantida-inventario.jpeg\" \/>\n\t<meta property=\"og:image:width\" content=\"1201\" \/>\n\t<meta property=\"og:image:height\" content=\"1600\" \/>\n\t<meta property=\"og:image:type\" content=\"image\/jpeg\" \/>\n<meta name=\"twitter:card\" content=\"summary_large_image\" \/>\n<meta name=\"twitter:label1\" content=\"Tiempo de lectura\" \/>\n\t<meta name=\"twitter:data1\" content=\"1 minuto\" \/>\n<script type=\"application\/ld+json\" class=\"yoast-schema-graph\">{\"@context\":\"https:\\\/\\\/schema.org\",\"@graph\":[{\"@type\":\"WebPage\",\"@id\":\"https:\\\/\\\/domumpropiedades.com\\\/site\\\/producto\\\/alqiler-anual-atlantidaserena\\\/\",\"url\":\"https:\\\/\\\/domumpropiedades.com\\\/site\\\/producto\\\/alqiler-anual-atlantidaserena\\\/\",\"name\":\"Apartamento en alquiler anual en Atl\u00e1ntida Serena || 1 dorm 1 ba\u00f1o - DOMUM PROPIEDADES\",\"isPartOf\":{\"@id\":\"https:\\\/\\\/domumpropiedades.com\\\/site\\\/#website\"},\"primaryImageOfPage\":{\"@id\":\"https:\\\/\\\/domumpropiedades.com\\\/site\\\/producto\\\/alqiler-anual-atlantidaserena\\\/#primaryimage\"},\"image\":{\"@id\":\"https:\\\/\\\/domumpropiedades.com\\\/site\\\/producto\\\/alqiler-anual-atlantidaserena\\\/#primaryimage\"},\"thumbnailUrl\":\"https:\\\/\\\/domumpropiedades.com\\\/site\\\/wp-content\\\/uploads\\\/2026\\\/04\\\/002-ale-atrantida-inventario.jpeg\",\"datePublished\":\"2026-04-07T13:30:54+00:00\",\"dateModified\":\"2026-04-08T01:44:57+00:00\",\"breadcrumb\":{\"@id\":\"https:\\\/\\\/domumpropiedades.com\\\/site\\\/producto\\\/alqiler-anual-atlantidaserena\\\/#breadcrumb\"},\"inLanguage\":\"es-AR\",\"potentialAction\":[{\"@type\":\"ReadAction\",\"target\":[\"https:\\\/\\\/domumpropiedades.com\\\/site\\\/producto\\\/alqiler-anual-atlantidaserena\\\/\"]}]},{\"@type\":\"ImageObject\",\"inLanguage\":\"es-AR\",\"@id\":\"https:\\\/\\\/domumpropiedades.com\\\/site\\\/producto\\\/alqiler-anual-atlantidaserena\\\/#primaryimage\",\"url\":\"https:\\\/\\\/domumpropiedades.com\\\/site\\\/wp-content\\\/uploads\\\/2026\\\/04\\\/002-ale-atrantida-inventario.jpeg\",\"contentUrl\":\"https:\\\/\\\/domumpropiedades.com\\\/site\\\/wp-content\\\/uploads\\\/2026\\\/04\\\/002-ale-atrantida-inventario.jpeg\",\"width\":1201,\"height\":1600},{\"@type\":\"BreadcrumbList\",\"@id\":\"https:\\\/\\\/domumpropiedades.com\\\/site\\\/producto\\\/alqiler-anual-atlantidaserena\\\/#breadcrumb\",\"itemListElement\":[{\"@type\":\"ListItem\",\"position\":1,\"name\":\"Productos\",\"item\":\"https:\\\/\\\/domumpropiedades.com\\\/site\\\/shop\\\/\"},{\"@type\":\"ListItem\",\"position\":2,\"name\":\"Apartamento en alquiler anual en Atl\u00e1ntida Serena || 1 dorm 1 ba\u00f1o\"}]},{\"@type\":\"WebSite\",\"@id\":\"https:\\\/\\\/domumpropiedades.com\\\/site\\\/#website\",\"url\":\"https:\\\/\\\/domumpropiedades.com\\\/site\\\/\",\"name\":\"DOMUM PROPIEDADES\",\"description\":\"Asesoramiento Inmobiliario\",\"publisher\":{\"@id\":\"https:\\\/\\\/domumpropiedades.com\\\/site\\\/#organization\"},\"potentialAction\":[{\"@type\":\"SearchAction\",\"target\":{\"@type\":\"EntryPoint\",\"urlTemplate\":\"https:\\\/\\\/domumpropiedades.com\\\/site\\\/?s={search_term_string}\"},\"query-input\":{\"@type\":\"PropertyValueSpecification\",\"valueRequired\":true,\"valueName\":\"search_term_string\"}}],\"inLanguage\":\"es-AR\"},{\"@type\":\"Organization\",\"@id\":\"https:\\\/\\\/domumpropiedades.com\\\/site\\\/#organization\",\"name\":\"DOMUM PROPIEDADES\",\"url\":\"https:\\\/\\\/domumpropiedades.com\\\/site\\\/\",\"logo\":{\"@type\":\"ImageObject\",\"inLanguage\":\"es-AR\",\"@id\":\"https:\\\/\\\/domumpropiedades.com\\\/site\\\/#\\\/schema\\\/logo\\\/image\\\/\",\"url\":\"https:\\\/\\\/domumpropiedades.com\\\/site\\\/wp-content\\\/uploads\\\/2020\\\/07\\\/cropped-logo-final-e1596076802973.jpg\",\"contentUrl\":\"https:\\\/\\\/domumpropiedades.com\\\/site\\\/wp-content\\\/uploads\\\/2020\\\/07\\\/cropped-logo-final-e1596076802973.jpg\",\"width\":379,\"height\":233,\"caption\":\"DOMUM PROPIEDADES\"},\"image\":{\"@id\":\"https:\\\/\\\/domumpropiedades.com\\\/site\\\/#\\\/schema\\\/logo\\\/image\\\/\"}}]}<\/script>\n<!-- \/ Yoast SEO plugin. -->","yoast_head_json":{"title":"Apartamento en alquiler anual en Atl\u00e1ntida Serena || 1 dorm 1 ba\u00f1o - DOMUM PROPIEDADES","robots":{"index":"index","follow":"follow","max-snippet":"max-snippet:-1","max-image-preview":"max-image-preview:large","max-video-preview":"max-video-preview:-1"},"canonical":"https:\/\/domumpropiedades.com\/site\/producto\/alqiler-anual-atlantidaserena\/","og_locale":"es_ES","og_type":"article","og_title":"Apartamento en alquiler anual en Atl\u00e1ntida Serena || 1 dorm 1 ba\u00f1o - DOMUM PROPIEDADES","og_description":"Domum Propiedades alquila anualmente casa en estrat\u00e9gica ubicaci\u00f3n del balneario Atl\u00e1ntida a 2 cuadras y media de la playa, a 3 cuadras de la tienda inglesa y a 4 cuadras del centro. El apartamento comparte padr\u00f3n con la casa principal pero tiene entrada independiente. Esta reciclado y con muy lindas terminaciones, seguridad, parrillero exterior, conecion lavarropas. Ideal para 1 persona o pareja. Servicio de UTE independiente. Acepta de garant\u00eda: Porto, Sura o Mapfre.","og_url":"https:\/\/domumpropiedades.com\/site\/producto\/alqiler-anual-atlantidaserena\/","og_site_name":"DOMUM PROPIEDADES","article_modified_time":"2026-04-08T01:44:57+00:00","og_image":[{"width":1201,"height":1600,"url":"https:\/\/domumpropiedades.com\/site\/wp-content\/uploads\/2026\/04\/002-ale-atrantida-inventario.jpeg","type":"image\/jpeg"}],"twitter_card":"summary_large_image","twitter_misc":{"Tiempo de lectura":"1 minuto"},"schema":{"@context":"https:\/\/schema.org","@graph":[{"@type":"WebPage","@id":"https:\/\/domumpropiedades.com\/site\/producto\/alqiler-anual-atlantidaserena\/","url":"https:\/\/domumpropiedades.com\/site\/producto\/alqiler-anual-atlantidaserena\/","name":"Apartamento en alquiler anual en Atl\u00e1ntida Serena || 1 dorm 1 ba\u00f1o - DOMUM PROPIEDADES","isPartOf":{"@id":"https:\/\/domumpropiedades.com\/site\/#website"},"primaryImageOfPage":{"@id":"https:\/\/domumpropiedades.com\/site\/producto\/alqiler-anual-atlantidaserena\/#primaryimage"},"image":{"@id":"https:\/\/domumpropiedades.com\/site\/producto\/alqiler-anual-atlantidaserena\/#primaryimage"},"thumbnailUrl":"https:\/\/domumpropiedades.com\/site\/wp-content\/uploads\/2026\/04\/002-ale-atrantida-inventario.jpeg","datePublished":"2026-04-07T13:30:54+00:00","dateModified":"2026-04-08T01:44:57+00:00","breadcrumb":{"@id":"https:\/\/domumpropiedades.com\/site\/producto\/alqiler-anual-atlantidaserena\/#breadcrumb"},"inLanguage":"es-AR","potentialAction":[{"@type":"ReadAction","target":["https:\/\/domumpropiedades.com\/site\/producto\/alqiler-anual-atlantidaserena\/"]}]},{"@type":"ImageObject","inLanguage":"es-AR","@id":"https:\/\/domumpropiedades.com\/site\/producto\/alqiler-anual-atlantidaserena\/#primaryimage","url":"https:\/\/domumpropiedades.com\/site\/wp-content\/uploads\/2026\/04\/002-ale-atrantida-inventario.jpeg","contentUrl":"https:\/\/domumpropiedades.com\/site\/wp-content\/uploads\/2026\/04\/002-ale-atrantida-inventario.jpeg","width":1201,"height":1600},{"@type":"BreadcrumbList","@id":"https:\/\/domumpropiedades.com\/site\/producto\/alqiler-anual-atlantidaserena\/#breadcrumb","itemListElement":[{"@type":"ListItem","position":1,"name":"Productos","item":"https:\/\/domumpropiedades.com\/site\/shop\/"},{"@type":"ListItem","position":2,"name":"Apartamento en alquiler anual en Atl\u00e1ntida Serena || 1 dorm 1 ba\u00f1o"}]},{"@type":"WebSite","@id":"https:\/\/domumpropiedades.com\/site\/#website","url":"https:\/\/domumpropiedades.com\/site\/","name":"DOMUM PROPIEDADES","description":"Asesoramiento Inmobiliario","publisher":{"@id":"https:\/\/domumpropiedades.com\/site\/#organization"},"potentialAction":[{"@type":"SearchAction","target":{"@type":"EntryPoint","urlTemplate":"https:\/\/domumpropiedades.com\/site\/?s={search_term_string}"},"query-input":{"@type":"PropertyValueSpecification","valueRequired":true,"valueName":"search_term_string"}}],"inLanguage":"es-AR"},{"@type":"Organization","@id":"https:\/\/domumpropiedades.com\/site\/#organization","name":"DOMUM PROPIEDADES","url":"https:\/\/domumpropiedades.com\/site\/","logo":{"@type":"ImageObject","inLanguage":"es-AR","@id":"https:\/\/domumpropiedades.com\/site\/#\/schema\/logo\/image\/","url":"https:\/\/domumpropiedades.com\/site\/wp-content\/uploads\/2020\/07\/cropped-logo-final-e1596076802973.jpg","contentUrl":"https:\/\/domumpropiedades.com\/site\/wp-content\/uploads\/2020\/07\/cropped-logo-final-e1596076802973.jpg","width":379,"height":233,"caption":"DOMUM PROPIEDADES"},"image":{"@id":"https:\/\/domumpropiedades.com\/site\/#\/schema\/logo\/image\/"}}]}},"_links":{"self":[{"href":"https:\/\/domumpropiedades.com\/site\/wp-json\/wp\/v2\/product\/15827","targetHints":{"allow":["GET"]}}],"collection":[{"href":"https:\/\/domumpropiedades.com\/site\/wp-json\/wp\/v2\/product"}],"about":[{"href":"https:\/\/domumpropiedades.com\/site\/wp-json\/wp\/v2\/types\/product"}],"version-history":[{"count":1,"href":"https:\/\/domumpropiedades.com\/site\/wp-json\/wp\/v2\/product\/15827\/revisions"}],"predecessor-version":[{"id":15843,"href":"https:\/\/domumpropiedades.com\/site\/wp-json\/wp\/v2\/product\/15827\/revisions\/15843"}],"wp:featuredmedia":[{"embeddable":true,"href":"https:\/\/domumpropiedades.com\/site\/wp-json\/wp\/v2\/media\/15844"}],"wp:attachment":[{"href":"https:\/\/domumpropiedades.com\/site\/wp-json\/wp\/v2\/media?parent=15827"}],"wp:term":[{"taxonomy":"product_brand","embeddable":true,"href":"https:\/\/domumpropiedades.com\/site\/wp-json\/wp\/v2\/product_brand?post=15827"},{"taxonomy":"product_cat","embeddable":true,"href":"https:\/\/domumpropiedades.com\/site\/wp-json\/wp\/v2\/product_cat?post=15827"},{"taxonomy":"product_tag","embeddable":true,"href":"https:\/\/domumpropiedades.com\/site\/wp-json\/wp\/v2\/product_tag?post=15827"}],"curies":[{"name":"wp","href":"https:\/\/api.w.org\/{rel}","templated":true}]}}