{"id":13491,"date":"2024-11-17T22:41:31","date_gmt":"2024-11-18T01:41:31","guid":{"rendered":"https:\/\/domumpropiedades.com\/site\/?post_type=product&#038;p=13491"},"modified":"2024-11-19T16:19:19","modified_gmt":"2024-11-19T19:19:19","slug":"vende-troncos-atalaya","status":"publish","type":"product","link":"https:\/\/domumpropiedades.com\/site\/producto\/vende-troncos-atalaya\/","title":{"rendered":"Caba\u00f1a de Troncos a la Venta en Villa Serrana || Atalaya 2 dorm"},"content":{"rendered":"<p>Precio de Venta: USD 120.000 (con muebles)<br \/>\nSe puede vender sin muebles USD 110.000<\/p>\n<p>Mas informaci\u00f3n: +59898431087<br \/>\nwww.domumpropiedades.com || domumpropiedades.uy@gmail.com<\/p>\n","protected":false},"excerpt":{"rendered":"<p>Domum Propiedades vende casa caba\u00f1a de troncos de 2 plantas, ubicada sobre Av. Vilamaj\u00f3 en la zona de Atalaya en Villa Serrana. La propiedades fue fabricada en troncos, madera y material, cuenta con<br \/>\n75m2 cubiertos + 52m2 de deck, balc\u00f3n y parrillero techado; terreno de 800m2 cercado sobre avenida principal de Villa Serrana. Gran parrillero exterior techado con horno de barro y fog\u00f3n.<br \/>\nPiscina estructural de 5.000lts, 3 tanques de agua de 7.100lts dispersos en todo el terreno con bomba y controlador de presi\u00f3n.<br \/>\nEn la planta baja se encuentra un c\u00f3modo living con estufa a le\u00f1a con cocina integrada con barra, un dormitorio al fondo y ba\u00f1o. Mientras que en la planta alta cuenta con un ambiente muy c\u00f3modo de 28m2 con varias camas, aire acondicionado, altillo y balc\u00f3n al frente.<\/p>\n","protected":false},"featured_media":13492,"template":"","meta":[],"product_brand":[],"product_cat":[39,135,138],"product_tag":[],"class_list":{"0":"post-13491","1":"product","2":"type-product","3":"status-publish","4":"has-post-thumbnail","6":"product_cat-propiedades","7":"product_cat-venta","8":"product_cat-villa-serrana-venta","10":"first","11":"instock","12":"shipping-taxable","13":"purchasable","14":"product-type-simple"},"yoast_head":"<!-- This site is optimized with the Yoast SEO plugin v27.4 - https:\/\/yoast.com\/product\/yoast-seo-wordpress\/ -->\n<title>Caba\u00f1a de Troncos a la Venta en Villa Serrana || Atalaya 2 dorm - DOMUM PROPIEDADES<\/title>\n<meta name=\"description\" content=\"Domum Propiedades vende casa caba\u00f1a de troncos de 2 plantas, ubicada sobre Av. Vilamaj\u00f3 en la zona de Atalaya en Villa Serrana. La propiedades fue...\" \/>\n<meta name=\"robots\" content=\"index, follow, max-snippet:-1, max-image-preview:large, max-video-preview:-1\" \/>\n<link rel=\"canonical\" href=\"https:\/\/domumpropiedades.com\/site\/producto\/vende-troncos-atalaya\/\" \/>\n<meta property=\"og:locale\" content=\"es_ES\" \/>\n<meta property=\"og:type\" content=\"article\" \/>\n<meta property=\"og:title\" content=\"Caba\u00f1a de Troncos a la Venta en Villa Serrana || Atalaya 2 dorm - DOMUM PROPIEDADES\" \/>\n<meta property=\"og:description\" content=\"Domum Propiedades vende casa caba\u00f1a de troncos de 2 plantas, ubicada sobre Av. Vilamaj\u00f3 en la zona de Atalaya en Villa Serrana. La propiedades fue...\" \/>\n<meta property=\"og:url\" content=\"https:\/\/domumpropiedades.com\/site\/producto\/vende-troncos-atalaya\/\" \/>\n<meta property=\"og:site_name\" content=\"DOMUM PROPIEDADES\" \/>\n<meta property=\"article:modified_time\" content=\"2024-11-19T19:19:19+00:00\" \/>\n<meta property=\"og:image\" content=\"https:\/\/domumpropiedades.com\/site\/wp-content\/uploads\/2024\/11\/01-7.jpeg\" \/>\n\t<meta property=\"og:image:width\" content=\"1280\" \/>\n\t<meta property=\"og:image:height\" content=\"960\" \/>\n\t<meta property=\"og:image:type\" content=\"image\/jpeg\" \/>\n<meta name=\"twitter:card\" content=\"summary_large_image\" \/>\n<meta name=\"twitter:label1\" content=\"Tiempo de lectura\" \/>\n\t<meta name=\"twitter:data1\" content=\"1 minuto\" \/>\n<script type=\"application\/ld+json\" class=\"yoast-schema-graph\">{\"@context\":\"https:\\\/\\\/schema.org\",\"@graph\":[{\"@type\":\"WebPage\",\"@id\":\"https:\\\/\\\/domumpropiedades.com\\\/site\\\/producto\\\/vende-troncos-atalaya\\\/\",\"url\":\"https:\\\/\\\/domumpropiedades.com\\\/site\\\/producto\\\/vende-troncos-atalaya\\\/\",\"name\":\"Caba\u00f1a de Troncos a la Venta en Villa Serrana || Atalaya 2 dorm - DOMUM PROPIEDADES\",\"isPartOf\":{\"@id\":\"https:\\\/\\\/domumpropiedades.com\\\/site\\\/#website\"},\"primaryImageOfPage\":{\"@id\":\"https:\\\/\\\/domumpropiedades.com\\\/site\\\/producto\\\/vende-troncos-atalaya\\\/#primaryimage\"},\"image\":{\"@id\":\"https:\\\/\\\/domumpropiedades.com\\\/site\\\/producto\\\/vende-troncos-atalaya\\\/#primaryimage\"},\"thumbnailUrl\":\"https:\\\/\\\/domumpropiedades.com\\\/site\\\/wp-content\\\/uploads\\\/2024\\\/11\\\/01-7.jpeg\",\"datePublished\":\"2024-11-18T01:41:31+00:00\",\"dateModified\":\"2024-11-19T19:19:19+00:00\",\"description\":\"Domum Propiedades vende casa caba\u00f1a de troncos de 2 plantas, ubicada sobre Av. Vilamaj\u00f3 en la zona de Atalaya en Villa Serrana. La propiedades fue...\",\"breadcrumb\":{\"@id\":\"https:\\\/\\\/domumpropiedades.com\\\/site\\\/producto\\\/vende-troncos-atalaya\\\/#breadcrumb\"},\"inLanguage\":\"es-AR\",\"potentialAction\":[{\"@type\":\"ReadAction\",\"target\":[\"https:\\\/\\\/domumpropiedades.com\\\/site\\\/producto\\\/vende-troncos-atalaya\\\/\"]}]},{\"@type\":\"ImageObject\",\"inLanguage\":\"es-AR\",\"@id\":\"https:\\\/\\\/domumpropiedades.com\\\/site\\\/producto\\\/vende-troncos-atalaya\\\/#primaryimage\",\"url\":\"https:\\\/\\\/domumpropiedades.com\\\/site\\\/wp-content\\\/uploads\\\/2024\\\/11\\\/01-7.jpeg\",\"contentUrl\":\"https:\\\/\\\/domumpropiedades.com\\\/site\\\/wp-content\\\/uploads\\\/2024\\\/11\\\/01-7.jpeg\",\"width\":1280,\"height\":960},{\"@type\":\"BreadcrumbList\",\"@id\":\"https:\\\/\\\/domumpropiedades.com\\\/site\\\/producto\\\/vende-troncos-atalaya\\\/#breadcrumb\",\"itemListElement\":[{\"@type\":\"ListItem\",\"position\":1,\"name\":\"Productos\",\"item\":\"https:\\\/\\\/domumpropiedades.com\\\/site\\\/shop\\\/\"},{\"@type\":\"ListItem\",\"position\":2,\"name\":\"Caba\u00f1a de Troncos a la Venta en Villa Serrana || Atalaya 2 dorm\"}]},{\"@type\":\"WebSite\",\"@id\":\"https:\\\/\\\/domumpropiedades.com\\\/site\\\/#website\",\"url\":\"https:\\\/\\\/domumpropiedades.com\\\/site\\\/\",\"name\":\"DOMUM PROPIEDADES\",\"description\":\"Asesoramiento Inmobiliario\",\"publisher\":{\"@id\":\"https:\\\/\\\/domumpropiedades.com\\\/site\\\/#organization\"},\"potentialAction\":[{\"@type\":\"SearchAction\",\"target\":{\"@type\":\"EntryPoint\",\"urlTemplate\":\"https:\\\/\\\/domumpropiedades.com\\\/site\\\/?s={search_term_string}\"},\"query-input\":{\"@type\":\"PropertyValueSpecification\",\"valueRequired\":true,\"valueName\":\"search_term_string\"}}],\"inLanguage\":\"es-AR\"},{\"@type\":\"Organization\",\"@id\":\"https:\\\/\\\/domumpropiedades.com\\\/site\\\/#organization\",\"name\":\"DOMUM PROPIEDADES\",\"url\":\"https:\\\/\\\/domumpropiedades.com\\\/site\\\/\",\"logo\":{\"@type\":\"ImageObject\",\"inLanguage\":\"es-AR\",\"@id\":\"https:\\\/\\\/domumpropiedades.com\\\/site\\\/#\\\/schema\\\/logo\\\/image\\\/\",\"url\":\"https:\\\/\\\/domumpropiedades.com\\\/site\\\/wp-content\\\/uploads\\\/2020\\\/07\\\/cropped-logo-final-e1596076802973.jpg\",\"contentUrl\":\"https:\\\/\\\/domumpropiedades.com\\\/site\\\/wp-content\\\/uploads\\\/2020\\\/07\\\/cropped-logo-final-e1596076802973.jpg\",\"width\":379,\"height\":233,\"caption\":\"DOMUM PROPIEDADES\"},\"image\":{\"@id\":\"https:\\\/\\\/domumpropiedades.com\\\/site\\\/#\\\/schema\\\/logo\\\/image\\\/\"}}]}<\/script>\n<!-- \/ Yoast SEO plugin. -->","yoast_head_json":{"title":"Caba\u00f1a de Troncos a la Venta en Villa Serrana || Atalaya 2 dorm - DOMUM PROPIEDADES","description":"Domum Propiedades vende casa caba\u00f1a de troncos de 2 plantas, ubicada sobre Av. Vilamaj\u00f3 en la zona de Atalaya en Villa Serrana. La propiedades fue...","robots":{"index":"index","follow":"follow","max-snippet":"max-snippet:-1","max-image-preview":"max-image-preview:large","max-video-preview":"max-video-preview:-1"},"canonical":"https:\/\/domumpropiedades.com\/site\/producto\/vende-troncos-atalaya\/","og_locale":"es_ES","og_type":"article","og_title":"Caba\u00f1a de Troncos a la Venta en Villa Serrana || Atalaya 2 dorm - DOMUM PROPIEDADES","og_description":"Domum Propiedades vende casa caba\u00f1a de troncos de 2 plantas, ubicada sobre Av. Vilamaj\u00f3 en la zona de Atalaya en Villa Serrana. La propiedades fue...","og_url":"https:\/\/domumpropiedades.com\/site\/producto\/vende-troncos-atalaya\/","og_site_name":"DOMUM PROPIEDADES","article_modified_time":"2024-11-19T19:19:19+00:00","og_image":[{"width":1280,"height":960,"url":"https:\/\/domumpropiedades.com\/site\/wp-content\/uploads\/2024\/11\/01-7.jpeg","type":"image\/jpeg"}],"twitter_card":"summary_large_image","twitter_misc":{"Tiempo de lectura":"1 minuto"},"schema":{"@context":"https:\/\/schema.org","@graph":[{"@type":"WebPage","@id":"https:\/\/domumpropiedades.com\/site\/producto\/vende-troncos-atalaya\/","url":"https:\/\/domumpropiedades.com\/site\/producto\/vende-troncos-atalaya\/","name":"Caba\u00f1a de Troncos a la Venta en Villa Serrana || Atalaya 2 dorm - DOMUM PROPIEDADES","isPartOf":{"@id":"https:\/\/domumpropiedades.com\/site\/#website"},"primaryImageOfPage":{"@id":"https:\/\/domumpropiedades.com\/site\/producto\/vende-troncos-atalaya\/#primaryimage"},"image":{"@id":"https:\/\/domumpropiedades.com\/site\/producto\/vende-troncos-atalaya\/#primaryimage"},"thumbnailUrl":"https:\/\/domumpropiedades.com\/site\/wp-content\/uploads\/2024\/11\/01-7.jpeg","datePublished":"2024-11-18T01:41:31+00:00","dateModified":"2024-11-19T19:19:19+00:00","description":"Domum Propiedades vende casa caba\u00f1a de troncos de 2 plantas, ubicada sobre Av. Vilamaj\u00f3 en la zona de Atalaya en Villa Serrana. La propiedades fue...","breadcrumb":{"@id":"https:\/\/domumpropiedades.com\/site\/producto\/vende-troncos-atalaya\/#breadcrumb"},"inLanguage":"es-AR","potentialAction":[{"@type":"ReadAction","target":["https:\/\/domumpropiedades.com\/site\/producto\/vende-troncos-atalaya\/"]}]},{"@type":"ImageObject","inLanguage":"es-AR","@id":"https:\/\/domumpropiedades.com\/site\/producto\/vende-troncos-atalaya\/#primaryimage","url":"https:\/\/domumpropiedades.com\/site\/wp-content\/uploads\/2024\/11\/01-7.jpeg","contentUrl":"https:\/\/domumpropiedades.com\/site\/wp-content\/uploads\/2024\/11\/01-7.jpeg","width":1280,"height":960},{"@type":"BreadcrumbList","@id":"https:\/\/domumpropiedades.com\/site\/producto\/vende-troncos-atalaya\/#breadcrumb","itemListElement":[{"@type":"ListItem","position":1,"name":"Productos","item":"https:\/\/domumpropiedades.com\/site\/shop\/"},{"@type":"ListItem","position":2,"name":"Caba\u00f1a de Troncos a la Venta en Villa Serrana || Atalaya 2 dorm"}]},{"@type":"WebSite","@id":"https:\/\/domumpropiedades.com\/site\/#website","url":"https:\/\/domumpropiedades.com\/site\/","name":"DOMUM PROPIEDADES","description":"Asesoramiento Inmobiliario","publisher":{"@id":"https:\/\/domumpropiedades.com\/site\/#organization"},"potentialAction":[{"@type":"SearchAction","target":{"@type":"EntryPoint","urlTemplate":"https:\/\/domumpropiedades.com\/site\/?s={search_term_string}"},"query-input":{"@type":"PropertyValueSpecification","valueRequired":true,"valueName":"search_term_string"}}],"inLanguage":"es-AR"},{"@type":"Organization","@id":"https:\/\/domumpropiedades.com\/site\/#organization","name":"DOMUM PROPIEDADES","url":"https:\/\/domumpropiedades.com\/site\/","logo":{"@type":"ImageObject","inLanguage":"es-AR","@id":"https:\/\/domumpropiedades.com\/site\/#\/schema\/logo\/image\/","url":"https:\/\/domumpropiedades.com\/site\/wp-content\/uploads\/2020\/07\/cropped-logo-final-e1596076802973.jpg","contentUrl":"https:\/\/domumpropiedades.com\/site\/wp-content\/uploads\/2020\/07\/cropped-logo-final-e1596076802973.jpg","width":379,"height":233,"caption":"DOMUM PROPIEDADES"},"image":{"@id":"https:\/\/domumpropiedades.com\/site\/#\/schema\/logo\/image\/"}}]}},"_links":{"self":[{"href":"https:\/\/domumpropiedades.com\/site\/wp-json\/wp\/v2\/product\/13491","targetHints":{"allow":["GET"]}}],"collection":[{"href":"https:\/\/domumpropiedades.com\/site\/wp-json\/wp\/v2\/product"}],"about":[{"href":"https:\/\/domumpropiedades.com\/site\/wp-json\/wp\/v2\/types\/product"}],"version-history":[{"count":2,"href":"https:\/\/domumpropiedades.com\/site\/wp-json\/wp\/v2\/product\/13491\/revisions"}],"predecessor-version":[{"id":13511,"href":"https:\/\/domumpropiedades.com\/site\/wp-json\/wp\/v2\/product\/13491\/revisions\/13511"}],"wp:featuredmedia":[{"embeddable":true,"href":"https:\/\/domumpropiedades.com\/site\/wp-json\/wp\/v2\/media\/13492"}],"wp:attachment":[{"href":"https:\/\/domumpropiedades.com\/site\/wp-json\/wp\/v2\/media?parent=13491"}],"wp:term":[{"taxonomy":"product_brand","embeddable":true,"href":"https:\/\/domumpropiedades.com\/site\/wp-json\/wp\/v2\/product_brand?post=13491"},{"taxonomy":"product_cat","embeddable":true,"href":"https:\/\/domumpropiedades.com\/site\/wp-json\/wp\/v2\/product_cat?post=13491"},{"taxonomy":"product_tag","embeddable":true,"href":"https:\/\/domumpropiedades.com\/site\/wp-json\/wp\/v2\/product_tag?post=13491"}],"curies":[{"name":"wp","href":"https:\/\/api.w.org\/{rel}","templated":true}]}}