{"id":10760,"date":"2023-12-05T14:06:49","date_gmt":"2023-12-05T17:06:49","guid":{"rendered":"https:\/\/domumpropiedades.com\/?post_type=product&#038;p=10760"},"modified":"2024-06-05T01:42:59","modified_gmt":"2024-06-05T04:42:59","slug":"venta-barrio-obrero-arroyo","status":"publish","type":"product","link":"https:\/\/domumpropiedades.com\/site\/producto\/venta-barrio-obrero-arroyo\/","title":{"rendered":"Caba\u00f1a a la Venta en Villa Serrana || Barrio Obrero 735m2"},"content":{"rendered":"<p>Precio de Venta: USD 45.000<\/p>\n<p>Mas informaci\u00f3n: +598 98431087<br \/>\nwww.domumpropiedades.com | domumpropiedades.uy@gmail.com<\/p>\n","protected":false},"excerpt":{"rendered":"<p>Domum Propiedades vende caba\u00f1a en el poblado Barrio Obrero de Villa Serrana, frente al Arroyo de los Chanchos, en hermosa armon\u00eda con la naturaleza. La caba\u00f1a de madera es un monoambiente, con ba\u00f1o, cuenta con t\u00edtulos.<\/p>\n","protected":false},"featured_media":10769,"template":"","meta":[],"product_brand":[],"product_cat":[39,135,138],"product_tag":[],"class_list":{"0":"post-10760","1":"product","2":"type-product","3":"status-publish","4":"has-post-thumbnail","6":"product_cat-propiedades","7":"product_cat-venta","8":"product_cat-villa-serrana-venta","10":"first","11":"instock","12":"shipping-taxable","13":"purchasable","14":"product-type-simple"},"yoast_head":"<!-- This site is optimized with the Yoast SEO plugin v27.4 - https:\/\/yoast.com\/product\/yoast-seo-wordpress\/ -->\n<title>Caba\u00f1a a la Venta en Villa Serrana || Barrio Obrero 735m2 - DOMUM PROPIEDADES<\/title>\n<meta name=\"description\" content=\"Domum Propiedades vende caba\u00f1a en el poblado Barrio Obrero de Villa Serrana, frente al Arroyo de los Chanchos, en hermosa armon\u00eda con la naturaleza...\" \/>\n<meta name=\"robots\" content=\"index, follow, max-snippet:-1, max-image-preview:large, max-video-preview:-1\" \/>\n<link rel=\"canonical\" href=\"https:\/\/domumpropiedades.com\/site\/producto\/venta-barrio-obrero-arroyo\/\" \/>\n<meta property=\"og:locale\" content=\"es_ES\" \/>\n<meta property=\"og:type\" content=\"article\" \/>\n<meta property=\"og:title\" content=\"Caba\u00f1a a la Venta en Villa Serrana || Barrio Obrero 735m2 - DOMUM PROPIEDADES\" \/>\n<meta property=\"og:description\" content=\"Domum Propiedades vende caba\u00f1a en el poblado Barrio Obrero de Villa Serrana, frente al Arroyo de los Chanchos, en hermosa armon\u00eda con la naturaleza...\" \/>\n<meta property=\"og:url\" content=\"https:\/\/domumpropiedades.com\/site\/producto\/venta-barrio-obrero-arroyo\/\" \/>\n<meta property=\"og:site_name\" content=\"DOMUM PROPIEDADES\" \/>\n<meta property=\"article:modified_time\" content=\"2024-06-05T04:42:59+00:00\" \/>\n<meta property=\"og:image\" content=\"https:\/\/domumpropiedades.com\/site\/wp-content\/uploads\/2023\/12\/WhatsApp-Image-2023-12-05-at-13.16.58.jpeg\" \/>\n\t<meta property=\"og:image:width\" content=\"1600\" \/>\n\t<meta property=\"og:image:height\" content=\"1200\" \/>\n\t<meta property=\"og:image:type\" content=\"image\/jpeg\" \/>\n<meta name=\"twitter:card\" content=\"summary_large_image\" \/>\n<meta name=\"twitter:label1\" content=\"Tiempo de lectura\" \/>\n\t<meta name=\"twitter:data1\" content=\"1 minuto\" \/>\n<script type=\"application\/ld+json\" class=\"yoast-schema-graph\">{\"@context\":\"https:\\\/\\\/schema.org\",\"@graph\":[{\"@type\":\"WebPage\",\"@id\":\"https:\\\/\\\/domumpropiedades.com\\\/site\\\/producto\\\/venta-barrio-obrero-arroyo\\\/\",\"url\":\"https:\\\/\\\/domumpropiedades.com\\\/site\\\/producto\\\/venta-barrio-obrero-arroyo\\\/\",\"name\":\"Caba\u00f1a a la Venta en Villa Serrana || Barrio Obrero 735m2 - DOMUM PROPIEDADES\",\"isPartOf\":{\"@id\":\"https:\\\/\\\/domumpropiedades.com\\\/site\\\/#website\"},\"primaryImageOfPage\":{\"@id\":\"https:\\\/\\\/domumpropiedades.com\\\/site\\\/producto\\\/venta-barrio-obrero-arroyo\\\/#primaryimage\"},\"image\":{\"@id\":\"https:\\\/\\\/domumpropiedades.com\\\/site\\\/producto\\\/venta-barrio-obrero-arroyo\\\/#primaryimage\"},\"thumbnailUrl\":\"https:\\\/\\\/domumpropiedades.com\\\/site\\\/wp-content\\\/uploads\\\/2023\\\/12\\\/WhatsApp-Image-2023-12-05-at-13.16.58.jpeg\",\"datePublished\":\"2023-12-05T17:06:49+00:00\",\"dateModified\":\"2024-06-05T04:42:59+00:00\",\"description\":\"Domum Propiedades vende caba\u00f1a en el poblado Barrio Obrero de Villa Serrana, frente al Arroyo de los Chanchos, en hermosa armon\u00eda con la naturaleza...\",\"breadcrumb\":{\"@id\":\"https:\\\/\\\/domumpropiedades.com\\\/site\\\/producto\\\/venta-barrio-obrero-arroyo\\\/#breadcrumb\"},\"inLanguage\":\"es-AR\",\"potentialAction\":[{\"@type\":\"ReadAction\",\"target\":[\"https:\\\/\\\/domumpropiedades.com\\\/site\\\/producto\\\/venta-barrio-obrero-arroyo\\\/\"]}]},{\"@type\":\"ImageObject\",\"inLanguage\":\"es-AR\",\"@id\":\"https:\\\/\\\/domumpropiedades.com\\\/site\\\/producto\\\/venta-barrio-obrero-arroyo\\\/#primaryimage\",\"url\":\"https:\\\/\\\/domumpropiedades.com\\\/site\\\/wp-content\\\/uploads\\\/2023\\\/12\\\/WhatsApp-Image-2023-12-05-at-13.16.58.jpeg\",\"contentUrl\":\"https:\\\/\\\/domumpropiedades.com\\\/site\\\/wp-content\\\/uploads\\\/2023\\\/12\\\/WhatsApp-Image-2023-12-05-at-13.16.58.jpeg\",\"width\":1600,\"height\":1200},{\"@type\":\"BreadcrumbList\",\"@id\":\"https:\\\/\\\/domumpropiedades.com\\\/site\\\/producto\\\/venta-barrio-obrero-arroyo\\\/#breadcrumb\",\"itemListElement\":[{\"@type\":\"ListItem\",\"position\":1,\"name\":\"Productos\",\"item\":\"https:\\\/\\\/domumpropiedades.com\\\/site\\\/shop\\\/\"},{\"@type\":\"ListItem\",\"position\":2,\"name\":\"Caba\u00f1a a la Venta en Villa Serrana || Barrio Obrero 735m2\"}]},{\"@type\":\"WebSite\",\"@id\":\"https:\\\/\\\/domumpropiedades.com\\\/site\\\/#website\",\"url\":\"https:\\\/\\\/domumpropiedades.com\\\/site\\\/\",\"name\":\"DOMUM PROPIEDADES\",\"description\":\"Asesoramiento Inmobiliario\",\"publisher\":{\"@id\":\"https:\\\/\\\/domumpropiedades.com\\\/site\\\/#organization\"},\"potentialAction\":[{\"@type\":\"SearchAction\",\"target\":{\"@type\":\"EntryPoint\",\"urlTemplate\":\"https:\\\/\\\/domumpropiedades.com\\\/site\\\/?s={search_term_string}\"},\"query-input\":{\"@type\":\"PropertyValueSpecification\",\"valueRequired\":true,\"valueName\":\"search_term_string\"}}],\"inLanguage\":\"es-AR\"},{\"@type\":\"Organization\",\"@id\":\"https:\\\/\\\/domumpropiedades.com\\\/site\\\/#organization\",\"name\":\"DOMUM PROPIEDADES\",\"url\":\"https:\\\/\\\/domumpropiedades.com\\\/site\\\/\",\"logo\":{\"@type\":\"ImageObject\",\"inLanguage\":\"es-AR\",\"@id\":\"https:\\\/\\\/domumpropiedades.com\\\/site\\\/#\\\/schema\\\/logo\\\/image\\\/\",\"url\":\"https:\\\/\\\/domumpropiedades.com\\\/site\\\/wp-content\\\/uploads\\\/2020\\\/07\\\/cropped-logo-final-e1596076802973.jpg\",\"contentUrl\":\"https:\\\/\\\/domumpropiedades.com\\\/site\\\/wp-content\\\/uploads\\\/2020\\\/07\\\/cropped-logo-final-e1596076802973.jpg\",\"width\":379,\"height\":233,\"caption\":\"DOMUM PROPIEDADES\"},\"image\":{\"@id\":\"https:\\\/\\\/domumpropiedades.com\\\/site\\\/#\\\/schema\\\/logo\\\/image\\\/\"}}]}<\/script>\n<!-- \/ Yoast SEO plugin. -->","yoast_head_json":{"title":"Caba\u00f1a a la Venta en Villa Serrana || Barrio Obrero 735m2 - DOMUM PROPIEDADES","description":"Domum Propiedades vende caba\u00f1a en el poblado Barrio Obrero de Villa Serrana, frente al Arroyo de los Chanchos, en hermosa armon\u00eda con la naturaleza...","robots":{"index":"index","follow":"follow","max-snippet":"max-snippet:-1","max-image-preview":"max-image-preview:large","max-video-preview":"max-video-preview:-1"},"canonical":"https:\/\/domumpropiedades.com\/site\/producto\/venta-barrio-obrero-arroyo\/","og_locale":"es_ES","og_type":"article","og_title":"Caba\u00f1a a la Venta en Villa Serrana || Barrio Obrero 735m2 - DOMUM PROPIEDADES","og_description":"Domum Propiedades vende caba\u00f1a en el poblado Barrio Obrero de Villa Serrana, frente al Arroyo de los Chanchos, en hermosa armon\u00eda con la naturaleza...","og_url":"https:\/\/domumpropiedades.com\/site\/producto\/venta-barrio-obrero-arroyo\/","og_site_name":"DOMUM PROPIEDADES","article_modified_time":"2024-06-05T04:42:59+00:00","og_image":[{"width":1600,"height":1200,"url":"https:\/\/domumpropiedades.com\/site\/wp-content\/uploads\/2023\/12\/WhatsApp-Image-2023-12-05-at-13.16.58.jpeg","type":"image\/jpeg"}],"twitter_card":"summary_large_image","twitter_misc":{"Tiempo de lectura":"1 minuto"},"schema":{"@context":"https:\/\/schema.org","@graph":[{"@type":"WebPage","@id":"https:\/\/domumpropiedades.com\/site\/producto\/venta-barrio-obrero-arroyo\/","url":"https:\/\/domumpropiedades.com\/site\/producto\/venta-barrio-obrero-arroyo\/","name":"Caba\u00f1a a la Venta en Villa Serrana || Barrio Obrero 735m2 - DOMUM PROPIEDADES","isPartOf":{"@id":"https:\/\/domumpropiedades.com\/site\/#website"},"primaryImageOfPage":{"@id":"https:\/\/domumpropiedades.com\/site\/producto\/venta-barrio-obrero-arroyo\/#primaryimage"},"image":{"@id":"https:\/\/domumpropiedades.com\/site\/producto\/venta-barrio-obrero-arroyo\/#primaryimage"},"thumbnailUrl":"https:\/\/domumpropiedades.com\/site\/wp-content\/uploads\/2023\/12\/WhatsApp-Image-2023-12-05-at-13.16.58.jpeg","datePublished":"2023-12-05T17:06:49+00:00","dateModified":"2024-06-05T04:42:59+00:00","description":"Domum Propiedades vende caba\u00f1a en el poblado Barrio Obrero de Villa Serrana, frente al Arroyo de los Chanchos, en hermosa armon\u00eda con la naturaleza...","breadcrumb":{"@id":"https:\/\/domumpropiedades.com\/site\/producto\/venta-barrio-obrero-arroyo\/#breadcrumb"},"inLanguage":"es-AR","potentialAction":[{"@type":"ReadAction","target":["https:\/\/domumpropiedades.com\/site\/producto\/venta-barrio-obrero-arroyo\/"]}]},{"@type":"ImageObject","inLanguage":"es-AR","@id":"https:\/\/domumpropiedades.com\/site\/producto\/venta-barrio-obrero-arroyo\/#primaryimage","url":"https:\/\/domumpropiedades.com\/site\/wp-content\/uploads\/2023\/12\/WhatsApp-Image-2023-12-05-at-13.16.58.jpeg","contentUrl":"https:\/\/domumpropiedades.com\/site\/wp-content\/uploads\/2023\/12\/WhatsApp-Image-2023-12-05-at-13.16.58.jpeg","width":1600,"height":1200},{"@type":"BreadcrumbList","@id":"https:\/\/domumpropiedades.com\/site\/producto\/venta-barrio-obrero-arroyo\/#breadcrumb","itemListElement":[{"@type":"ListItem","position":1,"name":"Productos","item":"https:\/\/domumpropiedades.com\/site\/shop\/"},{"@type":"ListItem","position":2,"name":"Caba\u00f1a a la Venta en Villa Serrana || Barrio Obrero 735m2"}]},{"@type":"WebSite","@id":"https:\/\/domumpropiedades.com\/site\/#website","url":"https:\/\/domumpropiedades.com\/site\/","name":"DOMUM PROPIEDADES","description":"Asesoramiento Inmobiliario","publisher":{"@id":"https:\/\/domumpropiedades.com\/site\/#organization"},"potentialAction":[{"@type":"SearchAction","target":{"@type":"EntryPoint","urlTemplate":"https:\/\/domumpropiedades.com\/site\/?s={search_term_string}"},"query-input":{"@type":"PropertyValueSpecification","valueRequired":true,"valueName":"search_term_string"}}],"inLanguage":"es-AR"},{"@type":"Organization","@id":"https:\/\/domumpropiedades.com\/site\/#organization","name":"DOMUM PROPIEDADES","url":"https:\/\/domumpropiedades.com\/site\/","logo":{"@type":"ImageObject","inLanguage":"es-AR","@id":"https:\/\/domumpropiedades.com\/site\/#\/schema\/logo\/image\/","url":"https:\/\/domumpropiedades.com\/site\/wp-content\/uploads\/2020\/07\/cropped-logo-final-e1596076802973.jpg","contentUrl":"https:\/\/domumpropiedades.com\/site\/wp-content\/uploads\/2020\/07\/cropped-logo-final-e1596076802973.jpg","width":379,"height":233,"caption":"DOMUM PROPIEDADES"},"image":{"@id":"https:\/\/domumpropiedades.com\/site\/#\/schema\/logo\/image\/"}}]}},"_links":{"self":[{"href":"https:\/\/domumpropiedades.com\/site\/wp-json\/wp\/v2\/product\/10760","targetHints":{"allow":["GET"]}}],"collection":[{"href":"https:\/\/domumpropiedades.com\/site\/wp-json\/wp\/v2\/product"}],"about":[{"href":"https:\/\/domumpropiedades.com\/site\/wp-json\/wp\/v2\/types\/product"}],"version-history":[{"count":2,"href":"https:\/\/domumpropiedades.com\/site\/wp-json\/wp\/v2\/product\/10760\/revisions"}],"predecessor-version":[{"id":10794,"href":"https:\/\/domumpropiedades.com\/site\/wp-json\/wp\/v2\/product\/10760\/revisions\/10794"}],"wp:featuredmedia":[{"embeddable":true,"href":"https:\/\/domumpropiedades.com\/site\/wp-json\/wp\/v2\/media\/10769"}],"wp:attachment":[{"href":"https:\/\/domumpropiedades.com\/site\/wp-json\/wp\/v2\/media?parent=10760"}],"wp:term":[{"taxonomy":"product_brand","embeddable":true,"href":"https:\/\/domumpropiedades.com\/site\/wp-json\/wp\/v2\/product_brand?post=10760"},{"taxonomy":"product_cat","embeddable":true,"href":"https:\/\/domumpropiedades.com\/site\/wp-json\/wp\/v2\/product_cat?post=10760"},{"taxonomy":"product_tag","embeddable":true,"href":"https:\/\/domumpropiedades.com\/site\/wp-json\/wp\/v2\/product_tag?post=10760"}],"curies":[{"name":"wp","href":"https:\/\/api.w.org\/{rel}","templated":true}]}}