{"id":10570,"date":"2023-11-20T13:15:38","date_gmt":"2023-11-20T16:15:38","guid":{"rendered":"https:\/\/domumpropiedades.com\/?post_type=product&#038;p=10570"},"modified":"2024-02-11T17:09:22","modified_gmt":"2024-02-11T20:09:22","slug":"casa-venta-sanluis-2","status":"publish","type":"product","link":"https:\/\/domumpropiedades.com\/site\/producto\/casa-venta-sanluis-2\/","title":{"rendered":"Casa a la Venta en San Luis Esquina | Amplio Terreno"},"content":{"rendered":"<p>Precio de Venta: USD 155.000<\/p>\n<p>Mas informaci\u00f3n: +598 98431087<br \/>\nwww.domumpropiedades.com | domumpropiedades.uy@gmail.com<\/p>\n<p>&nbsp;<\/p>\n<p><iframe title=\"CASA A EN ALQUILER ANUAL EN SAN LUIS ESQUINA | 1 DE PLAYA AMPLIO TERRENO\" width=\"800\" height=\"450\" src=\"https:\/\/www.youtube.com\/embed\/T8R_bVkeiBA?feature=oembed\" frameborder=\"0\" allow=\"accelerometer; autoplay; clipboard-write; encrypted-media; gyroscope; picture-in-picture; web-share\" allowfullscreen><\/iframe><\/p>\n","protected":false},"excerpt":{"rendered":"<div id=\"description\" class=\"ui-pdp-container__row ui-pdp-container__row--description\">\n<div class=\"ui-pdp-description\">\n<p class=\"ui-pdp-description__content\">Domum Propiedades vende casa en amplio terreno esquina a 1 cuadras de la playa en el Balneario San Luis, Costa de Oro. La casa cuenta con una construcci\u00f3n s\u00f3lida con amplio living comedor, 4 dormitorios, 3 ba\u00f1os, garaje cerrado y cerramiento adicional para veh\u00edculos. Est\u00e1 sobre avenida asfaltada, con parada de bus en puerta y supermercado al lado. Ubicada a 1 cuadra larga de la playa, est\u00e1 en una zona alta con excelentes vistas.4 dormitorios, 3 ba\u00f1os, cocina, living comedor integrado con estufa a le\u00f1a, barbacoa exterior con parrilla, horno y ba\u00f1o, adem\u00e1s de una cancha de tenis.\u00a0 Apta para cr\u00e9dito bancario, acepta permuta por terreno o vivienda en Montevideo, Villa Serrana, Costa de Oro. No dude en consultar.<\/p>\n<\/div>\n<\/div>\n","protected":false},"featured_media":10571,"template":"","meta":[],"product_brand":[],"product_cat":[143,39,135],"product_tag":[],"class_list":{"0":"post-10570","1":"product","2":"type-product","3":"status-publish","4":"has-post-thumbnail","6":"product_cat-costa-de-oro-venta","7":"product_cat-propiedades","8":"product_cat-venta","10":"first","11":"instock","12":"shipping-taxable","13":"purchasable","14":"product-type-simple"},"yoast_head":"<!-- This site is optimized with the Yoast SEO plugin v27.4 - https:\/\/yoast.com\/product\/yoast-seo-wordpress\/ -->\n<title>Casa a la Venta en San Luis Esquina | Amplio Terreno - DOMUM PROPIEDADES<\/title>\n<meta name=\"description\" content=\"Domum Propiedades vende casa en amplio terreno esquina a 1 cuadras de la playa en el Balneario San Luis, Costa de Oro. La casa cuenta con una construcci\u00f3n..\" \/>\n<meta name=\"robots\" content=\"index, follow, max-snippet:-1, max-image-preview:large, max-video-preview:-1\" \/>\n<link rel=\"canonical\" href=\"https:\/\/domumpropiedades.com\/site\/producto\/casa-venta-sanluis-2\/\" \/>\n<meta property=\"og:locale\" content=\"es_ES\" \/>\n<meta property=\"og:type\" content=\"article\" \/>\n<meta property=\"og:title\" content=\"Casa a la Venta en San Luis Esquina | Amplio Terreno - DOMUM PROPIEDADES\" \/>\n<meta property=\"og:description\" content=\"Domum Propiedades vende casa en amplio terreno esquina a 1 cuadras de la playa en el Balneario San Luis, Costa de Oro. La casa cuenta con una construcci\u00f3n..\" \/>\n<meta property=\"og:url\" content=\"https:\/\/domumpropiedades.com\/site\/producto\/casa-venta-sanluis-2\/\" \/>\n<meta property=\"og:site_name\" content=\"DOMUM PROPIEDADES\" \/>\n<meta property=\"article:modified_time\" content=\"2024-02-11T20:09:22+00:00\" \/>\n<meta property=\"og:image\" content=\"https:\/\/domumpropiedades.com\/site\/wp-content\/uploads\/2023\/11\/01-1024x770.png\" \/>\n\t<meta property=\"og:image:width\" content=\"1024\" \/>\n\t<meta property=\"og:image:height\" content=\"770\" \/>\n\t<meta property=\"og:image:type\" content=\"image\/png\" \/>\n<meta name=\"twitter:card\" content=\"summary_large_image\" \/>\n<meta name=\"twitter:label1\" content=\"Tiempo de lectura\" \/>\n\t<meta name=\"twitter:data1\" content=\"1 minuto\" \/>\n<script type=\"application\/ld+json\" class=\"yoast-schema-graph\">{\"@context\":\"https:\\\/\\\/schema.org\",\"@graph\":[{\"@type\":\"WebPage\",\"@id\":\"https:\\\/\\\/domumpropiedades.com\\\/site\\\/producto\\\/casa-venta-sanluis-2\\\/\",\"url\":\"https:\\\/\\\/domumpropiedades.com\\\/site\\\/producto\\\/casa-venta-sanluis-2\\\/\",\"name\":\"Casa a la Venta en San Luis Esquina | Amplio Terreno - DOMUM PROPIEDADES\",\"isPartOf\":{\"@id\":\"https:\\\/\\\/domumpropiedades.com\\\/site\\\/#website\"},\"primaryImageOfPage\":{\"@id\":\"https:\\\/\\\/domumpropiedades.com\\\/site\\\/producto\\\/casa-venta-sanluis-2\\\/#primaryimage\"},\"image\":{\"@id\":\"https:\\\/\\\/domumpropiedades.com\\\/site\\\/producto\\\/casa-venta-sanluis-2\\\/#primaryimage\"},\"thumbnailUrl\":\"https:\\\/\\\/domumpropiedades.com\\\/site\\\/wp-content\\\/uploads\\\/2023\\\/11\\\/01.png\",\"datePublished\":\"2023-11-20T16:15:38+00:00\",\"dateModified\":\"2024-02-11T20:09:22+00:00\",\"description\":\"Domum Propiedades vende casa en amplio terreno esquina a 1 cuadras de la playa en el Balneario San Luis, Costa de Oro. La casa cuenta con una construcci\u00f3n..\",\"breadcrumb\":{\"@id\":\"https:\\\/\\\/domumpropiedades.com\\\/site\\\/producto\\\/casa-venta-sanluis-2\\\/#breadcrumb\"},\"inLanguage\":\"es-AR\",\"potentialAction\":[{\"@type\":\"ReadAction\",\"target\":[\"https:\\\/\\\/domumpropiedades.com\\\/site\\\/producto\\\/casa-venta-sanluis-2\\\/\"]}]},{\"@type\":\"ImageObject\",\"inLanguage\":\"es-AR\",\"@id\":\"https:\\\/\\\/domumpropiedades.com\\\/site\\\/producto\\\/casa-venta-sanluis-2\\\/#primaryimage\",\"url\":\"https:\\\/\\\/domumpropiedades.com\\\/site\\\/wp-content\\\/uploads\\\/2023\\\/11\\\/01.png\",\"contentUrl\":\"https:\\\/\\\/domumpropiedades.com\\\/site\\\/wp-content\\\/uploads\\\/2023\\\/11\\\/01.png\",\"width\":1330,\"height\":1000},{\"@type\":\"BreadcrumbList\",\"@id\":\"https:\\\/\\\/domumpropiedades.com\\\/site\\\/producto\\\/casa-venta-sanluis-2\\\/#breadcrumb\",\"itemListElement\":[{\"@type\":\"ListItem\",\"position\":1,\"name\":\"Productos\",\"item\":\"https:\\\/\\\/domumpropiedades.com\\\/site\\\/shop\\\/\"},{\"@type\":\"ListItem\",\"position\":2,\"name\":\"Casa a la Venta en San Luis Esquina | Amplio Terreno\"}]},{\"@type\":\"WebSite\",\"@id\":\"https:\\\/\\\/domumpropiedades.com\\\/site\\\/#website\",\"url\":\"https:\\\/\\\/domumpropiedades.com\\\/site\\\/\",\"name\":\"DOMUM PROPIEDADES\",\"description\":\"Asesoramiento Inmobiliario\",\"publisher\":{\"@id\":\"https:\\\/\\\/domumpropiedades.com\\\/site\\\/#organization\"},\"potentialAction\":[{\"@type\":\"SearchAction\",\"target\":{\"@type\":\"EntryPoint\",\"urlTemplate\":\"https:\\\/\\\/domumpropiedades.com\\\/site\\\/?s={search_term_string}\"},\"query-input\":{\"@type\":\"PropertyValueSpecification\",\"valueRequired\":true,\"valueName\":\"search_term_string\"}}],\"inLanguage\":\"es-AR\"},{\"@type\":\"Organization\",\"@id\":\"https:\\\/\\\/domumpropiedades.com\\\/site\\\/#organization\",\"name\":\"DOMUM PROPIEDADES\",\"url\":\"https:\\\/\\\/domumpropiedades.com\\\/site\\\/\",\"logo\":{\"@type\":\"ImageObject\",\"inLanguage\":\"es-AR\",\"@id\":\"https:\\\/\\\/domumpropiedades.com\\\/site\\\/#\\\/schema\\\/logo\\\/image\\\/\",\"url\":\"https:\\\/\\\/domumpropiedades.com\\\/site\\\/wp-content\\\/uploads\\\/2020\\\/07\\\/cropped-logo-final-e1596076802973.jpg\",\"contentUrl\":\"https:\\\/\\\/domumpropiedades.com\\\/site\\\/wp-content\\\/uploads\\\/2020\\\/07\\\/cropped-logo-final-e1596076802973.jpg\",\"width\":379,\"height\":233,\"caption\":\"DOMUM PROPIEDADES\"},\"image\":{\"@id\":\"https:\\\/\\\/domumpropiedades.com\\\/site\\\/#\\\/schema\\\/logo\\\/image\\\/\"}}]}<\/script>\n<!-- \/ Yoast SEO plugin. -->","yoast_head_json":{"title":"Casa a la Venta en San Luis Esquina | Amplio Terreno - DOMUM PROPIEDADES","description":"Domum Propiedades vende casa en amplio terreno esquina a 1 cuadras de la playa en el Balneario San Luis, Costa de Oro. La casa cuenta con una construcci\u00f3n..","robots":{"index":"index","follow":"follow","max-snippet":"max-snippet:-1","max-image-preview":"max-image-preview:large","max-video-preview":"max-video-preview:-1"},"canonical":"https:\/\/domumpropiedades.com\/site\/producto\/casa-venta-sanluis-2\/","og_locale":"es_ES","og_type":"article","og_title":"Casa a la Venta en San Luis Esquina | Amplio Terreno - DOMUM PROPIEDADES","og_description":"Domum Propiedades vende casa en amplio terreno esquina a 1 cuadras de la playa en el Balneario San Luis, Costa de Oro. La casa cuenta con una construcci\u00f3n..","og_url":"https:\/\/domumpropiedades.com\/site\/producto\/casa-venta-sanluis-2\/","og_site_name":"DOMUM PROPIEDADES","article_modified_time":"2024-02-11T20:09:22+00:00","og_image":[{"width":1024,"height":770,"url":"https:\/\/domumpropiedades.com\/site\/wp-content\/uploads\/2023\/11\/01-1024x770.png","type":"image\/png"}],"twitter_card":"summary_large_image","twitter_misc":{"Tiempo de lectura":"1 minuto"},"schema":{"@context":"https:\/\/schema.org","@graph":[{"@type":"WebPage","@id":"https:\/\/domumpropiedades.com\/site\/producto\/casa-venta-sanluis-2\/","url":"https:\/\/domumpropiedades.com\/site\/producto\/casa-venta-sanluis-2\/","name":"Casa a la Venta en San Luis Esquina | Amplio Terreno - DOMUM PROPIEDADES","isPartOf":{"@id":"https:\/\/domumpropiedades.com\/site\/#website"},"primaryImageOfPage":{"@id":"https:\/\/domumpropiedades.com\/site\/producto\/casa-venta-sanluis-2\/#primaryimage"},"image":{"@id":"https:\/\/domumpropiedades.com\/site\/producto\/casa-venta-sanluis-2\/#primaryimage"},"thumbnailUrl":"https:\/\/domumpropiedades.com\/site\/wp-content\/uploads\/2023\/11\/01.png","datePublished":"2023-11-20T16:15:38+00:00","dateModified":"2024-02-11T20:09:22+00:00","description":"Domum Propiedades vende casa en amplio terreno esquina a 1 cuadras de la playa en el Balneario San Luis, Costa de Oro. La casa cuenta con una construcci\u00f3n..","breadcrumb":{"@id":"https:\/\/domumpropiedades.com\/site\/producto\/casa-venta-sanluis-2\/#breadcrumb"},"inLanguage":"es-AR","potentialAction":[{"@type":"ReadAction","target":["https:\/\/domumpropiedades.com\/site\/producto\/casa-venta-sanluis-2\/"]}]},{"@type":"ImageObject","inLanguage":"es-AR","@id":"https:\/\/domumpropiedades.com\/site\/producto\/casa-venta-sanluis-2\/#primaryimage","url":"https:\/\/domumpropiedades.com\/site\/wp-content\/uploads\/2023\/11\/01.png","contentUrl":"https:\/\/domumpropiedades.com\/site\/wp-content\/uploads\/2023\/11\/01.png","width":1330,"height":1000},{"@type":"BreadcrumbList","@id":"https:\/\/domumpropiedades.com\/site\/producto\/casa-venta-sanluis-2\/#breadcrumb","itemListElement":[{"@type":"ListItem","position":1,"name":"Productos","item":"https:\/\/domumpropiedades.com\/site\/shop\/"},{"@type":"ListItem","position":2,"name":"Casa a la Venta en San Luis Esquina | Amplio Terreno"}]},{"@type":"WebSite","@id":"https:\/\/domumpropiedades.com\/site\/#website","url":"https:\/\/domumpropiedades.com\/site\/","name":"DOMUM PROPIEDADES","description":"Asesoramiento Inmobiliario","publisher":{"@id":"https:\/\/domumpropiedades.com\/site\/#organization"},"potentialAction":[{"@type":"SearchAction","target":{"@type":"EntryPoint","urlTemplate":"https:\/\/domumpropiedades.com\/site\/?s={search_term_string}"},"query-input":{"@type":"PropertyValueSpecification","valueRequired":true,"valueName":"search_term_string"}}],"inLanguage":"es-AR"},{"@type":"Organization","@id":"https:\/\/domumpropiedades.com\/site\/#organization","name":"DOMUM PROPIEDADES","url":"https:\/\/domumpropiedades.com\/site\/","logo":{"@type":"ImageObject","inLanguage":"es-AR","@id":"https:\/\/domumpropiedades.com\/site\/#\/schema\/logo\/image\/","url":"https:\/\/domumpropiedades.com\/site\/wp-content\/uploads\/2020\/07\/cropped-logo-final-e1596076802973.jpg","contentUrl":"https:\/\/domumpropiedades.com\/site\/wp-content\/uploads\/2020\/07\/cropped-logo-final-e1596076802973.jpg","width":379,"height":233,"caption":"DOMUM PROPIEDADES"},"image":{"@id":"https:\/\/domumpropiedades.com\/site\/#\/schema\/logo\/image\/"}}]}},"_links":{"self":[{"href":"https:\/\/domumpropiedades.com\/site\/wp-json\/wp\/v2\/product\/10570","targetHints":{"allow":["GET"]}}],"collection":[{"href":"https:\/\/domumpropiedades.com\/site\/wp-json\/wp\/v2\/product"}],"about":[{"href":"https:\/\/domumpropiedades.com\/site\/wp-json\/wp\/v2\/types\/product"}],"version-history":[{"count":2,"href":"https:\/\/domumpropiedades.com\/site\/wp-json\/wp\/v2\/product\/10570\/revisions"}],"predecessor-version":[{"id":11167,"href":"https:\/\/domumpropiedades.com\/site\/wp-json\/wp\/v2\/product\/10570\/revisions\/11167"}],"wp:featuredmedia":[{"embeddable":true,"href":"https:\/\/domumpropiedades.com\/site\/wp-json\/wp\/v2\/media\/10571"}],"wp:attachment":[{"href":"https:\/\/domumpropiedades.com\/site\/wp-json\/wp\/v2\/media?parent=10570"}],"wp:term":[{"taxonomy":"product_brand","embeddable":true,"href":"https:\/\/domumpropiedades.com\/site\/wp-json\/wp\/v2\/product_brand?post=10570"},{"taxonomy":"product_cat","embeddable":true,"href":"https:\/\/domumpropiedades.com\/site\/wp-json\/wp\/v2\/product_cat?post=10570"},{"taxonomy":"product_tag","embeddable":true,"href":"https:\/\/domumpropiedades.com\/site\/wp-json\/wp\/v2\/product_tag?post=10570"}],"curies":[{"name":"wp","href":"https:\/\/api.w.org\/{rel}","templated":true}]}}